ctor of 115514 and 11150?
446
Calculate the highest common factor of 1494 and 11751057.
747
Calculate the greatest common divisor of 2758 and 3262.
14
What is the greatest common divisor of 146 and 8906?
146
Calculate the highest common factor of 55311 and 14832.
309
Calculate the greatest common factor of 6 and 29418.
6
Calculate the greatest common divisor of 184099 and 2397.
47
Calculate the highest common divisor of 433347 and 561.
51
Calculate the highest common factor of 7107 and 11433.
309
What is the highest common divisor of 367 and 3?
1
What is the greatest common factor of 10277 and 198131?
239
Calculate the highest common factor of 6622 and 46268.
86
What is the greatest common factor of 2454 and 534?
6
What is the highest common factor of 1006 and 4?
2
Calculate the greatest common divisor of 310 and 124010.
10
Calculate the highest common divisor of 67 and 582431.
67
Calculate the highest common factor of 1006293 and 3054.
1527
What is the highest common divisor of 14 and 17038?
14
Calculate the greatest common divisor of 1371930 and 139.
139
Calculate the greatest common factor of 201208 and 28.
28
What is the highest common divisor of 149884 and 121688?
1484
What is the highest common divisor of 539 and 13328?
49
What is the highest common factor of 297 and 12507?
33
Calculate the greatest common factor of 8436248 and 8.
8
Calculate the greatest common divisor of 278 and 281475.
139
What is the highest common divisor of 9 and 79767?
9
What is the greatest common divisor of 1375 and 35185?
5
Calculate the greatest common divisor of 407 and 5994.
37
Calculate the greatest common divisor of 9880 and 14560.
520
What is the highest common factor of 50 and 1318?
2
What is the greatest common factor of 30 and 126675?
15
Calculate the greatest common divisor of 5 and 128705.
5
What is the highest common factor of 223717 and 13?
13
Calculate the highest common factor of 347220 and 1404.
108
What is the greatest common divisor of 3114 and 24566?
346
Calculate the greatest common factor of 12523 and 7.
7
Calculate the highest common factor of 31569 and 17.
17
What is the highest common divisor of 165044 and 484?
484
Calculate the highest common divisor of 489584 and 592.
592
Calculate the highest common factor of 14600 and 296.
8
Calculate the greatest common divisor of 48597 and 1746.
291
What is the highest common divisor of 519 and 3742509?
519
What is the highest common factor of 347911 and 1036?
37
What is the highest common factor of 11 and 2297009?
11
What is the greatest common factor of 708 and 8083?
59
Calculate the greatest common factor of 1152 and 904.
8
What is the highest common factor of 12996 and 32?
4
What is the greatest common factor of 16292 and 64?
4
Calculate the highest common factor of 92701 and 10127.
779
What is the highest common factor of 300 and 267?
3
What is the highest common divisor of 1722 and 300981?
123
What is the greatest common divisor of 386 and 290658?
386
Calculate the highest common factor of 258 and 1578.
6
Calculate the greatest common factor of 2492916 and 12.
12
Calculate the highest common divisor of 57800 and 550.
50
What is the greatest common divisor of 64998 and 54?
18
Calculate the highest common factor of 2504 and 608.
8
Calculate the greatest common divisor of 14275 and 1713.
571
What is the greatest common divisor of 86987 and 37?
37
What is the highest common divisor of 238420 and 819?
91
What is the highest common factor of 135 and 80380?
5
What is the highest common divisor of 7150 and 3718?
286
Calculate the highest common divisor of 9500 and 44840.
380
What is the highest common divisor of 31209 and 17201?
103
What is the greatest common divisor of 2052 and 2679?
57
What is the greatest common divisor of 333 and 40932?
9
What is the greatest common divisor of 230 and 163438?
46
Calculate the greatest common divisor of 74601 and 162.
81
Calculate the greatest common divisor of 6330 and 27570.
30
Calculate the greatest common factor of 4686 and 2838.
66
What is the highest common factor of 1792 and 1540?
28
Calculate the greatest common factor of 209708 and 515.
103
Calculate the highest common factor of 2149109 and 76.
19
What is the highest common divisor of 1285342 and 5258?
478
Calculate the greatest common factor of 85432 and 295.
59
Calculate the greatest common divisor of 540168 and 12.
12
Calculate the highest common factor of 3432 and 18744.
264
Calculate the greatest common divisor of 280 and 21805.
35
What is the greatest common factor of 17976 and 154?
14
Calculate the greatest common factor of 1 and 51577.
1
Calculate the highest common factor of 91 and 4277.
91
Calculate the highest common divisor of 885 and 251871.
177
Calculate the greatest common factor of 1190 and 325465.
595
What is the greatest common divisor of 48672 and 160?
32
Calculate the highest common factor of 11111548 and 28.
28
What is the highest common divisor of 251322 and 6?
6
Calculate the highest common factor of 24 and 7358088.
24
Calculate the greatest common divisor of 261 and 117.
9
What is the greatest common factor of 3638256 and 48?
48
Calculate the highest common divisor of 167420 and 44.
44
What is the highest common factor of 1966294 and 3215?
643
What is the greatest common factor of 13572 and 263146?
754
What is the highest common factor of 3626 and 13622?
98
What is the greatest common factor of 845104 and 234?
26
What is the greatest common divisor of 236 and 52982?
118
What is the highest common factor of 50 and 18670?
10
Calculate the greatest common divisor of 666 and 13098.
222
What is the highest common divisor of 686035 and 595?
595
What is the greatest common divisor of 8586 and 567?
81
Calculate the highest common divisor of 22 and 34375.
11
Calculate the greatest common factor of 2100986 and 134.
134
What is the greatest common divisor of 256 and 98?
2
What is the highest common divisor of 19176 and 32?
8
What is the highest common divisor of 4684 and 44?
4
What is the greatest common divisor of 33977 and 671?
61
Calculate the greatest common factor of 24 and 28392.
24
What is the highest common factor of 194956 and 425?
17
What is the highest common factor of 10800 and 15825?
75
Calculate the greatest common factor of 10 and 99965.
5
What is the greatest common divisor of 95310 and 32?
2
Calculate the greatest common divisor of 280687 and 119.
17
Calculate the greatest common factor of 180422 and 44.
22
What is the highest common divisor of 296 and 5587?
37
What is the greatest common divisor of 790674 and 18?
6
Calculate the highest common factor of 2208 and 409952.
736
What is the greatest common divisor of 109311 and 439?
439
What is the greatest common divisor of 370 and 1005?
5
What is the greatest common factor of 40770 and 2340?
90
Calculate the greatest common factor of 30 and 8490.
30
Calculate the highest common divisor of 775 and 20677.
31
Calculate the greatest common divisor of 47535 and 60.
15
Calculate the greatest common factor of 23199 and 10659.
627
Calculate the highest common factor of 22281 and 231.
21
What is the greatest common factor of 51 and 34204?
17
What is the highest common divisor of 1505 and 280?
35
What is the highest common factor of 423434 and 418?
418
What is the greatest common divisor of 44 and 285362?
22
What is the greatest common factor of 45 and 95?
5
Calculate the greatest common divisor of 180 and 47980.
20
Calculate the greatest common factor of 66 and 11379.
3
Calculate the greatest common factor of 25108 and 216.
4
What is the highest common factor of 12582 and 18640?
466
What is the highest common divisor of 60753 and 42?
21
Calculate the greatest common divisor of 20360 and 632.
8
What is the highest common factor of 85392 and 1024?
16
Calculate the greatest common divisor of 71196 and 108.
12
Calculate the highest common divisor of 290 and 110345.
145
Calculate the highest common factor of 189 and 174909.
21
What is the greatest common factor of 33511 and 86273?
713
What is the greatest common divisor of 28667 and 2367?
263
What is the highest common factor of 24025 and 186?
31
What is the highest common divisor of 519 and 297733?
173
What is the greatest common factor of 126266 and 116?
58
Calculate the greatest com